{"id":95,"date":"2021-06-03T18:29:05","date_gmt":"2021-06-03T18:29:05","guid":{"rendered":"https:\/\/catedra.fundacion-cepsa.uma.es\/?page_id=95"},"modified":"2023-11-29T19:10:16","modified_gmt":"2023-11-29T19:10:16","slug":"divulgacion-y-comunicacion","status":"publish","type":"page","link":"https:\/\/catedra.fundacion-cepsa.uma.es\/index.php\/divulgacion-y-comunicacion\/","title":{"rendered":"Divulgaci\u00f3n y Comunicaci\u00f3n"},"content":{"rendered":"\t\t<div data-elementor-type=\"wp-page\" data-elementor-id=\"95\" class=\"elementor elementor-95\">\n\t\t\t\t\t\t<section class=\"elementor-section elementor-top-section elementor-element elementor-element-6f6c9312 elementor-section-full_width hero elementor-section-height-default elementor-section-height-default\" data-id=\"6f6c9312\" data-element_type=\"section\">\n\t\t\t\t\t\t<div class=\"elementor-container elementor-column-gap-default\">\n\t\t\t\t\t<div class=\"elementor-column elementor-col-100 elementor-top-column elementor-element elementor-element-4a80b8e2\" data-id=\"4a80b8e2\" data-element_type=\"column\">\n\t\t\t<div class=\"elementor-widget-wrap elementor-element-populated\">\n\t\t\t\t\t\t\t<\/div>\n\t\t<\/div>\n\t\t\t\t\t<\/div>\n\t\t<\/section>\n\t\t\t\t<section class=\"elementor-section elementor-top-section elementor-element elementor-element-136e26c elementor-section-boxed elementor-section-height-default elementor-section-height-default\" data-id=\"136e26c\" data-element_type=\"section\">\n\t\t\t\t\t\t<div class=\"elementor-container elementor-column-gap-default\">\n\t\t\t\t\t<div class=\"elementor-column elementor-col-100 elementor-top-column elementor-element elementor-element-ddfda77\" data-id=\"ddfda77\" data-element_type=\"column\">\n\t\t\t<div class=\"elementor-widget-wrap elementor-element-populated\">\n\t\t\t\t\t\t<div class=\"elementor-element elementor-element-ff34966 eael-dual-header-content-align-center elementor-widget elementor-widget-eael-dual-color-header\" data-id=\"ff34966\" data-element_type=\"widget\" data-widget_type=\"eael-dual-color-header.default\">\n\t\t\t\t<div class=\"elementor-widget-container\">\n\t\t\t\t\t\t\t\t<div class=\"eael-dual-header\">\n\t\t\t\t<h2 class=\"title eael-dch-title\"><span class=\"eael-dch-title-text eael-dch-title-lead lead solid-color\">Divulgaci\u00f3n y<\/span> <span class=\"eael-dch-title-text\">Comunicaci\u00f3n<\/span><\/h2>\t\t\t<\/div>\n\n\t\t\t\t\t\t<\/div>\n\t\t\t\t<\/div>\n\t\t\t\t<section class=\"elementor-section elementor-inner-section elementor-element elementor-element-266d972 home-p elementor-section-boxed elementor-section-height-default elementor-section-height-default\" data-id=\"266d972\" data-element_type=\"section\">\n\t\t\t\t\t\t<div class=\"elementor-container elementor-column-gap-default\">\n\t\t\t\t\t<div class=\"elementor-column elementor-col-100 elementor-inner-column elementor-element elementor-element-f42a948\" data-id=\"f42a948\" data-element_type=\"column\">\n\t\t\t<div class=\"elementor-widget-wrap elementor-element-populated\">\n\t\t\t\t\t\t<div class=\"elementor-element elementor-element-36eab8c elementor-widget elementor-widget-text-editor\" data-id=\"36eab8c\" data-element_type=\"widget\" data-widget_type=\"text-editor.default\">\n\t\t\t\t<div class=\"elementor-widget-container\">\n\t\t\t\t\t\t\t\t\t<p>Actividades estrat\u00e9gicas de Difusi\u00f3n y Divulgaci\u00f3n: Plan de Comunicaci\u00f3n<\/p>\t\t\t\t\t\t\t\t<\/div>\n\t\t\t\t<\/div>\n\t\t\t\t\t<\/div>\n\t\t<\/div>\n\t\t\t\t\t<\/div>\n\t\t<\/section>\n\t\t\t\t\t<\/div>\n\t\t<\/div>\n\t\t\t\t\t<\/div>\n\t\t<\/section>\n\t\t\t\t<section class=\"elementor-section elementor-top-section elementor-element elementor-element-abd59f7 elementor-section-boxed elementor-section-height-default elementor-section-height-default\" data-id=\"abd59f7\" data-element_type=\"section\">\n\t\t\t\t\t\t<div class=\"elementor-container elementor-column-gap-default\">\n\t\t\t\t\t<div class=\"elementor-column elementor-col-100 elementor-top-column elementor-element elementor-element-8f21344\" data-id=\"8f21344\" data-element_type=\"column\">\n\t\t\t<div class=\"elementor-widget-wrap elementor-element-populated\">\n\t\t\t\t\t\t<div class=\"elementor-element elementor-element-9f6f029 elementor-widget-divider--separator-type-pattern elementor-widget-divider--view-line elementor-widget elementor-widget-divider\" data-id=\"9f6f029\" data-element_type=\"widget\" data-widget_type=\"divider.default\">\n\t\t\t\t<div class=\"elementor-widget-container\">\n\t\t\t\t\t\t\t<div class=\"elementor-divider\" style=\"--divider-pattern-url: url(&quot;data:image\/svg+xml,%3Csvg xmlns=&#039;http:\/\/www.w3.org\/2000\/svg&#039; preserveAspectRatio=&#039;none&#039; overflow=&#039;visible&#039; height=&#039;100%&#039; viewBox=&#039;0 0 24 24&#039; fill=&#039;none&#039; stroke=&#039;black&#039; stroke-width=&#039;1&#039; stroke-linecap=&#039;square&#039; stroke-miterlimit=&#039;10&#039;%3E%3Cpath d=&#039;M0,21c3.3,0,8.3-0.9,15.7-7.1c6.6-5.4,4.4-9.3,2.4-10.3c-3.4-1.8-7.7,1.3-7.3,8.8C11.2,20,17.1,21,24,21&#039;\/%3E%3C\/svg%3E&quot;);\">\n\t\t\t<span class=\"elementor-divider-separator\">\n\t\t\t\t\t\t<\/span>\n\t\t<\/div>\n\t\t\t\t\t\t<\/div>\n\t\t\t\t<\/div>\n\t\t\t\t\t<\/div>\n\t\t<\/div>\n\t\t\t\t\t<\/div>\n\t\t<\/section>\n\t\t\t\t<section class=\"elementor-section elementor-top-section elementor-element elementor-element-9163e7b elementor-section-boxed elementor-section-height-default elementor-section-height-default\" data-id=\"9163e7b\" data-element_type=\"section\">\n\t\t\t\t\t\t<div class=\"elementor-container elementor-column-gap-default\">\n\t\t\t\t\t<div class=\"elementor-column elementor-col-100 elementor-top-column elementor-element elementor-element-0be8378\" data-id=\"0be8378\" data-element_type=\"column\">\n\t\t\t<div class=\"elementor-widget-wrap elementor-element-populated\">\n\t\t\t\t\t\t<div class=\"elementor-element elementor-element-475d33e elementor-widget elementor-widget-image\" data-id=\"475d33e\" data-element_type=\"widget\" data-widget_type=\"image.default\">\n\t\t\t\t<div class=\"elementor-widget-container\">\n\t\t\t\t\t\t\t\t\t\t\t\t\t\t\t<img fetchpriority=\"high\" decoding=\"async\" width=\"300\" height=\"181\" src=\"https:\/\/catedra.fundacion-cepsa.uma.es\/wp-content\/uploads\/2023\/03\/CARTEL-II-Jornadas-Conferencias-CEPSA.jpg\" class=\"attachment-medium size-medium wp-image-675\" alt=\"\" \/>\t\t\t\t\t\t\t\t\t\t\t\t\t\t\t<\/div>\n\t\t\t\t<\/div>\n\t\t\t\t<div class=\"elementor-element elementor-element-171a1cc elementor-widget elementor-widget-text-editor\" data-id=\"171a1cc\" data-element_type=\"widget\" data-widget_type=\"text-editor.default\">\n\t\t\t\t<div class=\"elementor-widget-container\">\n\t\t\t\t\t\t\t\t\t<h1><strong>C\u00e1tedra de Digitalizaci\u00f3n de Procesos y Transici\u00f3n Ecol\u00f3gica<\/strong><\/h1><p><em>Colaboraci\u00f3n Cient\u00edfico-Educativa entre la Fundaci\u00f3n CEPSA y la Universidad de M\u00e1laga<\/em><\/p><p>La C\u00e1tedra Fundaci\u00f3n CEPSA-Universidad de M\u00e1laga les invita a asistir a la II Jornada de Conferencias <em>Conectando la Tecnolog\u00eda de Procesos y la Digitalizaci\u00f3n<\/em> que tendr\u00e1 lugar el pr\u00f3ximo\u00a0<u>lunes 20 de marzo\u00a0a las\u00a011:00 horas\u00a0<\/u>en el\u00a0Sal\u00f3n de Actos de Edificio de Investigaci\u00f3n ADA BYRON<strong>* <\/strong><\/p><pre><strong><em>PROGRAMA Conferencias Fundaci\u00f3n CEPSA-UMA<br \/><\/em><\/strong><em>11:00 <\/em><em>Presentaci\u00f3n Jornada<\/em><br \/><em>Premios y Reconocimientos<\/em><br \/><em>Coffee-Break<\/em><br \/><em>12:00 Sesi\u00f3n de microconferencias CEPSA-UMA<br \/><\/em><em>La Inteligencia Artificial aplicada a la producci\u00f3n de lubricantes.<br \/><\/em><em>En el camino de la transformaci\u00f3n digital: desaf\u00edos en el coprocesado de biocrudos en unidades FCC<br \/><\/em><em>Democratizaci\u00f3n del dato en entornos industriales. \u00a0\u00a0\u00a0\u00a0\u00a0 <br \/><\/em><em>14:00 Coloquio y Cierre<\/em><\/pre>\t\t\t\t\t\t\t\t<\/div>\n\t\t\t\t<\/div>\n\t\t\t\t\t<\/div>\n\t\t<\/div>\n\t\t\t\t\t<\/div>\n\t\t<\/section>\n\t\t\t\t<section class=\"elementor-section elementor-top-section elementor-element elementor-element-18a9e0d elementor-section-boxed elementor-section-height-default elementor-section-height-default\" data-id=\"18a9e0d\" data-element_type=\"section\">\n\t\t\t\t\t\t<div class=\"elementor-container elementor-column-gap-default\">\n\t\t\t\t\t<div class=\"elementor-column elementor-col-100 elementor-top-column elementor-element elementor-element-badaed6\" data-id=\"badaed6\" data-element_type=\"column\">\n\t\t\t<div class=\"elementor-widget-wrap elementor-element-populated\">\n\t\t\t\t\t\t<div class=\"elementor-element elementor-element-e41a949 elementor-widget-divider--separator-type-pattern elementor-widget-divider--view-line elementor-widget elementor-widget-divider\" data-id=\"e41a949\" data-element_type=\"widget\" data-widget_type=\"divider.default\">\n\t\t\t\t<div class=\"elementor-widget-container\">\n\t\t\t\t\t\t\t<div class=\"elementor-divider\" style=\"--divider-pattern-url: url(&quot;data:image\/svg+xml,%3Csvg xmlns=&#039;http:\/\/www.w3.org\/2000\/svg&#039; preserveAspectRatio=&#039;none&#039; overflow=&#039;visible&#039; height=&#039;100%&#039; viewBox=&#039;0 0 24 24&#039; fill=&#039;none&#039; stroke=&#039;black&#039; stroke-width=&#039;1&#039; stroke-linecap=&#039;square&#039; stroke-miterlimit=&#039;10&#039;%3E%3Cpath d=&#039;M0,21c3.3,0,8.3-0.9,15.7-7.1c6.6-5.4,4.4-9.3,2.4-10.3c-3.4-1.8-7.7,1.3-7.3,8.8C11.2,20,17.1,21,24,21&#039;\/%3E%3C\/svg%3E&quot;);\">\n\t\t\t<span class=\"elementor-divider-separator\">\n\t\t\t\t\t\t<\/span>\n\t\t<\/div>\n\t\t\t\t\t\t<\/div>\n\t\t\t\t<\/div>\n\t\t\t\t\t<\/div>\n\t\t<\/div>\n\t\t\t\t\t<\/div>\n\t\t<\/section>\n\t\t\t\t<section class=\"elementor-section elementor-top-section elementor-element elementor-element-6d40a9d elementor-section-boxed elementor-section-height-default elementor-section-height-default\" data-id=\"6d40a9d\" data-element_type=\"section\">\n\t\t\t\t\t\t<div class=\"elementor-container elementor-column-gap-default\">\n\t\t\t\t\t<div class=\"elementor-column elementor-col-100 elementor-top-column elementor-element elementor-element-7b6271d\" data-id=\"7b6271d\" data-element_type=\"column\">\n\t\t\t<div class=\"elementor-widget-wrap elementor-element-populated\">\n\t\t\t\t\t\t<div class=\"elementor-element elementor-element-b8b67a2 elementor-widget elementor-widget-text-editor\" data-id=\"b8b67a2\" data-element_type=\"widget\" data-widget_type=\"text-editor.default\">\n\t\t\t\t<div class=\"elementor-widget-container\">\n\t\t\t\t\t\t\t\t\t<p><span style=\"color: #ff0000;\"><a style=\"color: #ff0000;\" href=\"https:\/\/www.facebook.com\/watch\/?v=677137480748787\"><img decoding=\"async\" class=\"alignnone size-full wp-image-641 aligncenter\" src=\"https:\/\/catedra.fundacion-cepsa.uma.es\/wp-content\/uploads\/2022\/12\/Innovation-by-CEPSA-2022.jpg\" alt=\"\" width=\"728\" height=\"380\" \/><\/a><\/span><\/p><div>\u00a0<\/div><h2 style=\"text-align: left;\"><span style=\"color: #ff0000;\">\u00a1\u00a1\u00a0<a style=\"color: #ff0000;\" href=\"https:\/\/www.facebook.com\/watch\/?v=677137480748787\">As\u00ed fue el Innovation Challenge !!<\/a><\/span><\/h2>\t\t\t\t\t\t\t\t<\/div>\n\t\t\t\t<\/div>\n\t\t\t\t<div class=\"elementor-element elementor-element-d1ca819 elementor-drop-cap-yes elementor-drop-cap-view-default elementor-widget elementor-widget-text-editor\" data-id=\"d1ca819\" data-element_type=\"widget\" data-settings=\"{&quot;drop_cap&quot;:&quot;yes&quot;}\" data-widget_type=\"text-editor.default\">\n\t\t\t\t<div class=\"elementor-widget-container\">\n\t\t\t\t\t\t\t\t\t<p><strong>\u00bfQuieres trabajar con Cepsa, <u>aprender sobre metodolog\u00edas de innovaci\u00f3n, ganar 2.000\u20ac&#8230; y mucho m\u00e1s?\u00a0<\/u><\/strong><\/p><p><img decoding=\"async\" class=\"aligncenter wp-image-578\" src=\"https:\/\/catedra.fundacion-cepsa.uma.es\/wp-content\/uploads\/2022\/11\/FLYER-Innovation-Challenge-by-Cepsa-1.jpg\" alt=\"\" width=\"700\" height=\"394\" \/><\/p><p><em>Este 23 y 24 de noviembre tendr\u00e1 lugar el <strong>Innovation Challenge by Cepsa<\/strong>, de forma presencial en su nuevo HUB digital de Algeciras.<\/em><\/p><p>Ser\u00e1 una gran oportunidad de generar contactos potenciales, demostrar vuestro talento, conocer los retos REALES y actuales relacionados con la econom\u00eda circular&#8230;<br \/>Inscr\u00edbete en la p\u00e1gina web de <em>Hunger4innovation<\/em> y \u00a1estamos seguros de que ser\u00e1 una gran experiencia para todo el mundo!<\/p><p>Pod\u00e9is apuntaros como quer\u00e1is: En equipos de 5, 4, 3, por parejas o de forma individual<br \/><strong>\u00a1Ya ha comenzado el proceso de inscripci\u00f3n! <\/strong>Tan solo podr\u00e1n participar 25 estudiantes\u00a0<span style=\"background-color: var(--nv-site-bg); color: var(--nv-text-color); font-family: var(--bodyFontFamily),var(--nv-fallback-ff); font-size: var(--bodyFontSize); font-weight: var(--bodyFontWeight); letter-spacing: var(--bodyLetterSpacing); text-transform: var(--bodyTextTransform);\">\u00a1Ap\u00fantate!<\/span><\/p><p>Para m\u00e1s informaci\u00f3n entra en su p\u00e1gina web <a href=\"https:\/\/hunger4innovation.com\/innovation-challenge-cepsa-algeciras\/\">www.hunger4innovation.com<\/a> o contacta con ellos en <a href=\"mailto:contacto@hunger4innovation.com\">contacto@hunger4innovation.com<\/a><\/p>\t\t\t\t\t\t\t\t<\/div>\n\t\t\t\t<\/div>\n\t\t\t\t\t<\/div>\n\t\t<\/div>\n\t\t\t\t\t<\/div>\n\t\t<\/section>\n\t\t\t\t<section class=\"elementor-section elementor-top-section elementor-element elementor-element-349c8da elementor-section-boxed elementor-section-height-default elementor-section-height-default\" data-id=\"349c8da\" data-element_type=\"section\">\n\t\t\t\t\t\t<div class=\"elementor-container elementor-column-gap-default\">\n\t\t\t\t\t<div class=\"elementor-column elementor-col-100 elementor-top-column elementor-element elementor-element-82755c8\" data-id=\"82755c8\" data-element_type=\"column\">\n\t\t\t<div class=\"elementor-widget-wrap elementor-element-populated\">\n\t\t\t\t\t\t<div class=\"elementor-element elementor-element-2add537 elementor-widget-divider--separator-type-pattern elementor-widget-divider--view-line elementor-widget elementor-widget-divider\" data-id=\"2add537\" data-element_type=\"widget\" data-widget_type=\"divider.default\">\n\t\t\t\t<div class=\"elementor-widget-container\">\n\t\t\t\t\t\t\t<div class=\"elementor-divider\" style=\"--divider-pattern-url: url(&quot;data:image\/svg+xml,%3Csvg xmlns=&#039;http:\/\/www.w3.org\/2000\/svg&#039; preserveAspectRatio=&#039;none&#039; overflow=&#039;visible&#039; height=&#039;100%&#039; viewBox=&#039;0 0 24 24&#039; fill=&#039;none&#039; stroke=&#039;black&#039; stroke-width=&#039;1&#039; stroke-linecap=&#039;square&#039; stroke-miterlimit=&#039;10&#039;%3E%3Cpath d=&#039;M0,21c3.3,0,8.3-0.9,15.7-7.1c6.6-5.4,4.4-9.3,2.4-10.3c-3.4-1.8-7.7,1.3-7.3,8.8C11.2,20,17.1,21,24,21&#039;\/%3E%3C\/svg%3E&quot;);\">\n\t\t\t<span class=\"elementor-divider-separator\">\n\t\t\t\t\t\t<\/span>\n\t\t<\/div>\n\t\t\t\t\t\t<\/div>\n\t\t\t\t<\/div>\n\t\t\t\t\t<\/div>\n\t\t<\/div>\n\t\t\t\t\t<\/div>\n\t\t<\/section>\n\t\t\t\t<section class=\"elementor-section elementor-top-section elementor-element elementor-element-4ab62b5 elementor-section-boxed elementor-section-height-default elementor-section-height-default\" data-id=\"4ab62b5\" data-element_type=\"section\">\n\t\t\t\t\t\t<div class=\"elementor-container elementor-column-gap-default\">\n\t\t\t\t\t<div class=\"elementor-column elementor-col-100 elementor-top-column elementor-element elementor-element-17f1dc7\" data-id=\"17f1dc7\" data-element_type=\"column\">\n\t\t\t<div class=\"elementor-widget-wrap elementor-element-populated\">\n\t\t\t\t\t\t<div class=\"elementor-element elementor-element-3c3b1e4 elementor-widget elementor-widget-image\" data-id=\"3c3b1e4\" data-element_type=\"widget\" data-widget_type=\"image.default\">\n\t\t\t\t<div class=\"elementor-widget-container\">\n\t\t\t\t\t\t\t\t\t\t\t\t\t\t\t<img decoding=\"async\" src=\"https:\/\/catedra.fundacion-cepsa.uma.es\/wp-content\/uploads\/2022\/02\/fundacion-cepsa-y-universidad-de-malaga-crean-una-nueva-catedra-original-1-1.zip\" title=\"\" alt=\"\" loading=\"lazy\" \/>\t\t\t\t\t\t\t\t\t\t\t\t\t\t\t<\/div>\n\t\t\t\t<\/div>\n\t\t\t\t<div class=\"elementor-element elementor-element-d81e370 elementor-widget elementor-widget-text-editor\" data-id=\"d81e370\" data-element_type=\"widget\" data-widget_type=\"text-editor.default\">\n\t\t\t\t<div class=\"elementor-widget-container\">\n\t\t\t\t\t\t\t\t\t<h4><a href=\"https:\/\/www.cepsa.com\/es\/talento\/estudiantes\/programa-challenging-u-in-company\">https:\/\/www.cepsa.com\/es\/talento\/estudiantes\/programa-challenging-u-in-company<\/a><\/h4>\t\t\t\t\t\t\t\t<\/div>\n\t\t\t\t<\/div>\n\t\t\t\t\t<\/div>\n\t\t<\/div>\n\t\t\t\t\t<\/div>\n\t\t<\/section>\n\t\t\t\t<section class=\"elementor-section elementor-top-section elementor-element elementor-element-995c6d0 elementor-section-boxed elementor-section-height-default elementor-section-height-default\" data-id=\"995c6d0\" data-element_type=\"section\">\n\t\t\t\t\t\t<div class=\"elementor-container elementor-column-gap-default\">\n\t\t\t\t\t<div class=\"elementor-column elementor-col-100 elementor-top-column elementor-element elementor-element-709bdd2\" data-id=\"709bdd2\" data-element_type=\"column\">\n\t\t\t<div class=\"elementor-widget-wrap elementor-element-populated\">\n\t\t\t\t\t\t<div class=\"elementor-element elementor-element-1ce2ba2 elementor-widget__width-initial elementor-position-top elementor-widget elementor-widget-image-box\" data-id=\"1ce2ba2\" data-element_type=\"widget\" data-widget_type=\"image-box.default\">\n\t\t\t\t<div class=\"elementor-widget-container\">\n\t\t\t\t\t<div class=\"elementor-image-box-wrapper\"><figure class=\"elementor-image-box-img\"><a href=\"https:\/\/www.cepsa.com\/es\/negocios\/energy-parks\" tabindex=\"-1\"><img loading=\"lazy\" decoding=\"async\" width=\"728\" height=\"378\" src=\"https:\/\/catedra.fundacion-cepsa.uma.es\/wp-content\/uploads\/2022\/11\/CEPSA-ENERGY-PARKS.jpg\" class=\"attachment-full size-full wp-image-586\" alt=\"\" \/><\/a><\/figure><div class=\"elementor-image-box-content\"><h3 class=\"elementor-image-box-title\"><a href=\"https:\/\/www.cepsa.com\/es\/negocios\/energy-parks\">https:\/\/www.cepsa.com\/es\/negocios\/energy-parks<\/a><\/h3><\/div><\/div>\t\t\t\t<\/div>\n\t\t\t\t<\/div>\n\t\t\t\t<div class=\"elementor-element elementor-element-b83df4a elementor-widget__width-initial elementor-widget elementor-widget-video\" data-id=\"b83df4a\" data-element_type=\"widget\" data-settings=\"{&quot;youtube_url&quot;:&quot;https:\\\/\\\/youtu.be\\\/CHTLUNLaldQ&quot;,&quot;autoplay&quot;:&quot;yes&quot;,&quot;video_type&quot;:&quot;youtube&quot;,&quot;controls&quot;:&quot;yes&quot;}\" data-widget_type=\"video.default\">\n\t\t\t\t<div class=\"elementor-widget-container\">\n\t\t\t\t\t\t\t<div class=\"elementor-wrapper elementor-open-inline\">\n\t\t\t<div class=\"elementor-video\"><\/div>\t\t<\/div>\n\t\t\t\t\t\t<\/div>\n\t\t\t\t<\/div>\n\t\t\t\t<div class=\"elementor-element elementor-element-e11d7aa elementor-widget__width-initial elementor-widget elementor-widget-video\" data-id=\"e11d7aa\" data-element_type=\"widget\" data-settings=\"{&quot;video_type&quot;:&quot;hosted&quot;,&quot;autoplay&quot;:&quot;yes&quot;,&quot;start&quot;:10,&quot;controls&quot;:&quot;yes&quot;}\" data-widget_type=\"video.default\">\n\t\t\t\t<div class=\"elementor-widget-container\">\n\t\t\t\t\t\t\t<div class=\"e-hosted-video elementor-wrapper elementor-open-inline\">\n\t\t\t\t\t<video class=\"elementor-video\" src=\"https:\/\/uma365-my.sharepoint.com\/personal\/speulam_uma_es\/_layouts\/15\/onedrive.aspx?id=%2Fpersonal%2Fspeulam%5Fuma%5Fes%2FDocuments%2FIm%C3%A1genes%2Fvideos%5Fadabyron%2FCatedra%5FCampsa%2Emp4&amp;parent=%2Fpersonal%2Fspeulam%5Fuma%5Fes%2FDocuments%2FIm%C3%A1genes%2Fvideos%5Fadabyron#t=10\" autoplay=\"\" controls=\"\" controlsList=\"nodownload\" poster=\"https:\/\/catedra.fundacion-cepsa.uma.es\/wp-content\/uploads\/2021\/11\/Anuncio-Conferencias-Fundacion-CEPSA-UMA.png\"><\/video>\n\t\t\t\t<\/div>\n\t\t\t\t\t\t<\/div>\n\t\t\t\t<\/div>\n\t\t\t\t\t<\/div>\n\t\t<\/div>\n\t\t\t\t\t<\/div>\n\t\t<\/section>\n\t\t\t\t<section class=\"elementor-section elementor-top-section elementor-element elementor-element-71db8ed elementor-section-boxed elementor-section-height-default elementor-section-height-default\" data-id=\"71db8ed\" data-element_type=\"section\">\n\t\t\t\t\t\t<div class=\"elementor-container elementor-column-gap-default\">\n\t\t\t\t\t<div class=\"elementor-column elementor-col-100 elementor-top-column elementor-element elementor-element-4430923\" data-id=\"4430923\" data-element_type=\"column\">\n\t\t\t<div class=\"elementor-widget-wrap elementor-element-populated\">\n\t\t\t\t\t\t<div class=\"elementor-element elementor-element-b2f6b6c elementor-widget-divider--separator-type-pattern elementor-widget-divider--view-line elementor-widget elementor-widget-divider\" data-id=\"b2f6b6c\" data-element_type=\"widget\" data-widget_type=\"divider.default\">\n\t\t\t\t<div class=\"elementor-widget-container\">\n\t\t\t\t\t\t\t<div class=\"elementor-divider\" style=\"--divider-pattern-url: url(&quot;data:image\/svg+xml,%3Csvg xmlns=&#039;http:\/\/www.w3.org\/2000\/svg&#039; preserveAspectRatio=&#039;none&#039; overflow=&#039;visible&#039; height=&#039;100%&#039; viewBox=&#039;0 0 24 24&#039; fill=&#039;none&#039; stroke=&#039;black&#039; stroke-width=&#039;1&#039; stroke-linecap=&#039;square&#039; stroke-miterlimit=&#039;10&#039;%3E%3Cpath d=&#039;M0,21c3.3,0,8.3-0.9,15.7-7.1c6.6-5.4,4.4-9.3,2.4-10.3c-3.4-1.8-7.7,1.3-7.3,8.8C11.2,20,17.1,21,24,21&#039;\/%3E%3C\/svg%3E&quot;);\">\n\t\t\t<span class=\"elementor-divider-separator\">\n\t\t\t\t\t\t<\/span>\n\t\t<\/div>\n\t\t\t\t\t\t<\/div>\n\t\t\t\t<\/div>\n\t\t\t\t\t<\/div>\n\t\t<\/div>\n\t\t\t\t\t<\/div>\n\t\t<\/section>\n\t\t\t\t<section class=\"elementor-section elementor-top-section elementor-element elementor-element-73737a3 elementor-section-full_width elementor-section-content-middle elementor-section-height-default elementor-section-height-default\" data-id=\"73737a3\" data-element_type=\"section\">\n\t\t\t\t\t\t<div class=\"elementor-container elementor-column-gap-default\">\n\t\t\t\t\t<div class=\"elementor-column elementor-col-100 elementor-top-column elementor-element elementor-element-c565a81\" data-id=\"c565a81\" data-element_type=\"column\">\n\t\t\t<div class=\"elementor-widget-wrap\">\n\t\t\t\t\t\t\t<\/div>\n\t\t<\/div>\n\t\t\t\t\t<\/div>\n\t\t<\/section>\n\t\t\t\t<section class=\"elementor-section elementor-top-section elementor-element elementor-element-7b2f260 elementor-section-boxed elementor-section-height-default elementor-section-height-default\" data-id=\"7b2f260\" data-element_type=\"section\">\n\t\t\t\t\t\t<div class=\"elementor-container elementor-column-gap-default\">\n\t\t\t\t\t<div class=\"elementor-column elementor-col-100 elementor-top-column elementor-element elementor-element-2f167c0\" data-id=\"2f167c0\" data-element_type=\"column\">\n\t\t\t<div class=\"elementor-widget-wrap\">\n\t\t\t\t\t\t\t<\/div>\n\t\t<\/div>\n\t\t\t\t\t<\/div>\n\t\t<\/section>\n\t\t\t\t<\/div>\n\t\t","protected":false},"excerpt":{"rendered":"<p>Divulgaci\u00f3n y Comunicaci\u00f3n Actividades estrat\u00e9gicas de Difusi\u00f3n y Divulgaci\u00f3n: Plan de Comunicaci\u00f3n C\u00e1tedra de Digitalizaci\u00f3n de Procesos y Transici\u00f3n Ecol\u00f3gica Colaboraci\u00f3n Cient\u00edfico-Educativa entre la Fundaci\u00f3n CEPSA y la Universidad de M\u00e1laga La C\u00e1tedra Fundaci\u00f3n CEPSA-Universidad de M\u00e1laga les invita a asistir a la II Jornada de Conferencias Conectando la Tecnolog\u00eda de Procesos y la Digitalizaci\u00f3n&hellip;&nbsp;<a href=\"https:\/\/catedra.fundacion-cepsa.uma.es\/index.php\/divulgacion-y-comunicacion\/\" class=\"\" rel=\"bookmark\">Leer m\u00e1s &raquo;<span class=\"screen-reader-text\">Divulgaci\u00f3n y Comunicaci\u00f3n<\/span><\/a><\/p>\n","protected":false},"author":1,"featured_media":99,"parent":0,"menu_order":0,"comment_status":"closed","ping_status":"closed","template":"","meta":{"neve_meta_sidebar":"","neve_meta_container":"","neve_meta_enable_content_width":"","neve_meta_content_width":0,"neve_meta_title_alignment":"","neve_meta_author_avatar":"","neve_post_elements_order":"","neve_meta_disable_header":"","neve_meta_disable_footer":"","neve_meta_disable_title":"on","footnotes":""},"class_list":["post-95","page","type-page","status-publish","has-post-thumbnail","hentry"],"_links":{"self":[{"href":"https:\/\/catedra.fundacion-cepsa.uma.es\/index.php\/wp-json\/wp\/v2\/pages\/95","targetHints":{"allow":["GET"]}}],"collection":[{"href":"https:\/\/catedra.fundacion-cepsa.uma.es\/index.php\/wp-json\/wp\/v2\/pages"}],"about":[{"href":"https:\/\/catedra.fundacion-cepsa.uma.es\/index.php\/wp-json\/wp\/v2\/types\/page"}],"author":[{"embeddable":true,"href":"https:\/\/catedra.fundacion-cepsa.uma.es\/index.php\/wp-json\/wp\/v2\/users\/1"}],"replies":[{"embeddable":true,"href":"https:\/\/catedra.fundacion-cepsa.uma.es\/index.php\/wp-json\/wp\/v2\/comments?post=95"}],"version-history":[{"count":144,"href":"https:\/\/catedra.fundacion-cepsa.uma.es\/index.php\/wp-json\/wp\/v2\/pages\/95\/revisions"}],"predecessor-version":[{"id":1050,"href":"https:\/\/catedra.fundacion-cepsa.uma.es\/index.php\/wp-json\/wp\/v2\/pages\/95\/revisions\/1050"}],"wp:featuredmedia":[{"embeddable":true,"href":"https:\/\/catedra.fundacion-cepsa.uma.es\/index.php\/wp-json\/wp\/v2\/media\/99"}],"wp:attachment":[{"href":"https:\/\/catedra.fundacion-cepsa.uma.es\/index.php\/wp-json\/wp\/v2\/media?parent=95"}],"curies":[{"name":"wp","href":"https:\/\/api.w.org\/{rel}","templated":true}]}}